{"id":98,"date":"2020-03-07T18:07:24","date_gmt":"2020-03-07T18:07:24","guid":{"rendered":"http:\/\/schwarzachangler.de\/?page_id=98"},"modified":"2022-04-02T05:03:07","modified_gmt":"2022-04-02T05:03:07","slug":"schwarzach-roh-freystadt-mit-altwasser","status":"publish","type":"page","link":"https:\/\/schwarzachangler.de\/?page_id=98","title":{"rendered":"Schwarzach bei Rohr mit Altwasser"},"content":{"rendered":"\n<div class=\"wp-block-columns is-layout-flex wp-container-core-columns-is-layout-1 wp-block-columns-is-layout-flex\">\n<div class=\"wp-block-column is-layout-flow wp-block-column-is-layout-flow\" style=\"flex-basis:33.33%\">\n<p>Kurz nach der Ortschaft Reckenstetten beginnt unser Flussabschnitt. <\/p>\n\n\n\n<p>Den Vereinsmitgliedern stehen als Flie\u00dfgew\u00e4sser etwa 22 km\nSchwarzach zur Verf\u00fcgung.<\/p>\n\n\n\n<p>Kurz vor der Ortschaft Rohr befindet sich ein interessanter Altwasserarm. Vorbei am St\u00e4dchen Freystadt mit seiner barocken Wahlfahrtskirche bietet dieser Flussabschnitt neben einer gro\u00dfen Artenvielfalt auch landschaftlich viel Raum zur Erholung.<\/p>\n<\/div>\n\n\n\n<div class=\"wp-block-column is-layout-flow wp-block-column-is-layout-flow\" style=\"flex-basis:66.66%\">\n<figure class=\"wp-block-image size-large\"><img loading=\"lazy\" decoding=\"async\" width=\"802\" height=\"602\" src=\"http:\/\/schwarzachangler.de\/wp-content\/uploads\/2020\/03\/HP_Schwarzach-Rohr-Frey_01.jpg\" alt=\"\" class=\"wp-image-363\" srcset=\"https:\/\/schwarzachangler.de\/wp-content\/uploads\/2020\/03\/HP_Schwarzach-Rohr-Frey_01.jpg 802w, https:\/\/schwarzachangler.de\/wp-content\/uploads\/2020\/03\/HP_Schwarzach-Rohr-Frey_01-300x225.jpg 300w, https:\/\/schwarzachangler.de\/wp-content\/uploads\/2020\/03\/HP_Schwarzach-Rohr-Frey_01-768x576.jpg 768w\" sizes=\"(max-width: 706px) 89vw, (max-width: 767px) 82vw, 740px\" \/><figcaption>Altwasser bei Rohr<\/figcaption><\/figure>\n\n\n\n<figure class=\"wp-block-image size-large\"><img loading=\"lazy\" decoding=\"async\" width=\"1024\" height=\"768\" src=\"https:\/\/schwarzachangler.de\/wp-content\/uploads\/2020\/03\/100_0203-1024x768.jpg\" alt=\"\" class=\"wp-image-737\" srcset=\"https:\/\/schwarzachangler.de\/wp-content\/uploads\/2020\/03\/100_0203-1024x768.jpg 1024w, https:\/\/schwarzachangler.de\/wp-content\/uploads\/2020\/03\/100_0203-300x225.jpg 300w, https:\/\/schwarzachangler.de\/wp-content\/uploads\/2020\/03\/100_0203-768x576.jpg 768w, https:\/\/schwarzachangler.de\/wp-content\/uploads\/2020\/03\/100_0203-1536x1152.jpg 1536w, https:\/\/schwarzachangler.de\/wp-content\/uploads\/2020\/03\/100_0203-2048x1536.jpg 2048w\" sizes=\"(max-width: 706px) 89vw, (max-width: 767px) 82vw, 740px\" \/><\/figure>\n<\/div>\n<\/div>\n\n\n\n<div class=\"wp-block-columns is-layout-flex wp-container-core-columns-is-layout-2 wp-block-columns-is-layout-flex\">\n<div class=\"wp-block-column is-layout-flow wp-block-column-is-layout-flow\" style=\"flex-basis:33.33%\">\n<p><strong>Hinweise:<\/strong><\/p>\n\n\n\n<p><strong>Achtung: <\/strong>Das Teilst\u00fcck ab der H\u00f6he A\u00dflschwang bis zum Sportgel\u00e4nde des TSV- Freystadt darf <strong>nicht<\/strong> befischt werden (Schilder beachten)!<\/p>\n\n\n\n<p>Raubfisch frei vom 01.05. &nbsp;bis 31.12.\n<\/p>\n\n\n\n<p>Befahren der Wiesen nicht gestattet!<\/p>\n\n\n\n<p> <\/p>\n<\/div>\n\n\n\n<div class=\"wp-block-column is-layout-flow wp-block-column-is-layout-flow\" style=\"flex-basis:66.66%\">\n<figure class=\"wp-block-image size-large\"><img loading=\"lazy\" decoding=\"async\" width=\"528\" height=\"859\" src=\"https:\/\/schwarzachangler.de\/wp-content\/uploads\/2020\/03\/Gew\u00e4sserstrecke_Schwarzach-Rohr.gif\" alt=\"\" class=\"wp-image-728\"\/><\/figure>\n<\/div>\n<\/div>\n","protected":false},"excerpt":{"rendered":"<p>Kurz nach der Ortschaft Reckenstetten beginnt unser Flussabschnitt. Den Vereinsmitgliedern stehen als Flie\u00dfgew\u00e4sser etwa 22 km Schwarzach zur Verf\u00fcgung. Kurz vor der Ortschaft Rohr befindet sich ein interessanter Altwasserarm. Vorbei am St\u00e4dchen Freystadt mit seiner barocken Wahlfahrtskirche bietet dieser Flussabschnitt neben einer gro\u00dfen Artenvielfalt auch landschaftlich viel Raum zur Erholung. Hinweise: Achtung: Das Teilst\u00fcck ab &hellip; <\/p>\n<p class=\"link-more\"><a href=\"https:\/\/schwarzachangler.de\/?page_id=98\" class=\"more-link\"><span class=\"screen-reader-text\">\u201eSchwarzach bei Rohr mit Altwasser\u201c<\/span> weiterlesen<\/a><\/p>\n","protected":false},"author":1,"featured_media":0,"parent":18,"menu_order":0,"comment_status":"closed","ping_status":"closed","template":"","meta":{"footnotes":""},"class_list":["post-98","page","type-page","status-publish","hentry"],"_links":{"self":[{"href":"https:\/\/schwarzachangler.de\/index.php?rest_route=\/wp\/v2\/pages\/98"}],"collection":[{"href":"https:\/\/schwarzachangler.de\/index.php?rest_route=\/wp\/v2\/pages"}],"about":[{"href":"https:\/\/schwarzachangler.de\/index.php?rest_route=\/wp\/v2\/types\/page"}],"author":[{"embeddable":true,"href":"https:\/\/schwarzachangler.de\/index.php?rest_route=\/wp\/v2\/users\/1"}],"replies":[{"embeddable":true,"href":"https:\/\/schwarzachangler.de\/index.php?rest_route=%2Fwp%2Fv2%2Fcomments&post=98"}],"version-history":[{"count":10,"href":"https:\/\/schwarzachangler.de\/index.php?rest_route=\/wp\/v2\/pages\/98\/revisions"}],"predecessor-version":[{"id":1335,"href":"https:\/\/schwarzachangler.de\/index.php?rest_route=\/wp\/v2\/pages\/98\/revisions\/1335"}],"up":[{"embeddable":true,"href":"https:\/\/schwarzachangler.de\/index.php?rest_route=\/wp\/v2\/pages\/18"}],"wp:attachment":[{"href":"https:\/\/schwarzachangler.de\/index.php?rest_route=%2Fwp%2Fv2%2Fmedia&parent=98"}],"curies":[{"name":"wp","href":"https:\/\/api.w.org\/{rel}","templated":true}]}}